{"id":3,"date":"2020-04-10T16:56:54","date_gmt":"2020-04-10T14:56:54","guid":{"rendered":"http:\/\/www.anakeyn.com\/boutique\/?page_id=3"},"modified":"2020-04-21T10:57:06","modified_gmt":"2020-04-21T08:57:06","slug":"politique-de-confidentialite","status":"publish","type":"page","link":"https:\/\/www.anakeyn.com\/boutique\/politique-de-confidentialite\/","title":{"rendered":"Politique de confidentialit\u00e9"},"content":{"rendered":"\n<p class=\"has-text-align-center\"><strong>ARTICLE 1&nbsp;: PR\u00c9AMBULE<\/strong><\/p>\n\n\n\n<p>Cette politique de confidentialit\u00e9 s&rsquo;applique au site&nbsp;: <span id=\"span_id_nom_du_site\"><a href=\"https:\/\/www.anakeyn.com\" target=\"_blank\" rel=\"noreferrer noopener\">https:\/\/www.anakeyn.com<\/a><\/span> et \u00e0 la boutique en ligne  <a href=\"https:\/\/www.anakeyn.com\/boutique\" target=\"_blank\" rel=\"noreferrer noopener\">https:\/\/www.anakeyn.com\/boutique<\/a><\/p>\n\n\n\n<p>La pr\u00e9sente politique de confidentialit\u00e9 a pour but d&rsquo;exposer aux utilisateurs du site&nbsp;:<\/p>\n\n\n\n<ul class=\"wp-block-list\"><li>La mani\u00e8re dont sont collect\u00e9es et trait\u00e9es leurs donn\u00e9es \u00e0 caract\u00e8re personnel. Doivent \u00eatre consid\u00e9r\u00e9es comme donn\u00e9es personnelles toutes les donn\u00e9es \u00e9tant susceptibles d&rsquo;identifier un utilisateur. Il s&rsquo;agit notamment du pr\u00e9nom et du nom, de l&rsquo;\u00e2ge, de l&rsquo;adresse postale, l&rsquo;adresse mail, la localisation de l&rsquo;utilisateur ou encore son adresse IP&nbsp;;<\/li><li>Quels sont les droits des utilisateurs concernant ces donn\u00e9es&nbsp;;<\/li><li>Qui est responsable du traitement des donn\u00e9es \u00e0 caract\u00e8re personnel collect\u00e9es et trait\u00e9es&nbsp;;<\/li><li>A qui ces donn\u00e9es sont transmises&nbsp;;<\/li><li>Eventuellement, la politique du site en mati\u00e8re de fichiers \u00ab\u00a0cookies\u00a0\u00bb.<\/li><\/ul>\n\n\n\n<p>Cette politique de confidentialit\u00e9 compl\u00e8te les mentions l\u00e9gales et les Conditions G\u00e9n\u00e9rales d&rsquo;Utilisation que les utilisateurs peuvent consulter \u00e0 l&rsquo;adresse ci-apr\u00e8s&nbsp;:<\/p>\n\n\n\n<p><a href=\"https:\/\/www.anakeyn.com\/politique-de-confidentialite\" target=\"_blank\" rel=\"noreferrer noopener\">https:\/\/www.anakeyn.com\/politique-de-confidentialite<\/a><\/p>\n\n\n\n<p class=\"has-text-align-center\"><span style=\"font-weight: bold; font-size: 14.56px;\"><br>\n<\/span><strong>ARTICLE 2&nbsp;: PRINCIPES G\u00c9N\u00c9RAUX EN MATI\u00c8RE DE COLLECTE ET DE TRAITEMENT DE DONN\u00c9ES<\/strong><\/p>\n\n\n\n<p>Conform\u00e9ment aux dispositions de l&rsquo;article 5 du R\u00e8glement europ\u00e9en 2016\/679, la collecte et le traitement des donn\u00e9es des utilisateurs du site respectent les principes suivants&nbsp;:<\/p>\n\n\n\n<ul class=\"wp-block-list\"><li>Lic\u00e9it\u00e9, loyaut\u00e9 et transparence&nbsp;: les donn\u00e9es ne peuvent \u00eatre collect\u00e9es et trait\u00e9es qu&rsquo;avec le consentement de l&rsquo;utilisateur propri\u00e9taire des donn\u00e9es. A chaque fois que des donn\u00e9es \u00e0 caract\u00e8re personnel seront collect\u00e9es, il sera indiqu\u00e9 \u00e0 l&rsquo;utilisateur que ses donn\u00e9es sont collect\u00e9es, et pour quelles raisons ses donn\u00e9es sont collect\u00e9es&nbsp;;<\/li><li>Finalit\u00e9s limit\u00e9es&nbsp;: la collecte et le traitement des donn\u00e9es sont ex\u00e9cut\u00e9s pour r\u00e9pondre \u00e0 un ou plusieurs objectifs d\u00e9termin\u00e9s dans les pr\u00e9sentes conditions g\u00e9n\u00e9rales d&rsquo;utilisation&nbsp;;<\/li><li>Minimisation de la collecte et du traitement des donn\u00e9es&nbsp;: seules les donn\u00e9es n\u00e9cessaires \u00e0 la bonne ex\u00e9cution des objectifs poursuivis par le site sont collect\u00e9es&nbsp;;<\/li><li>Conservation des donn\u00e9es r\u00e9duites dans le temps&nbsp;: les donn\u00e9es sont conserv\u00e9es pour une dur\u00e9e limit\u00e9e, dont l&rsquo;utilisateur est inform\u00e9. Lorsque cette information ne peut pas \u00eatre communiqu\u00e9e, l&rsquo;utilisateur est inform\u00e9 des crit\u00e8res utilis\u00e9s pour d\u00e9terminer la dur\u00e9e de conservation&nbsp;;<\/li><li>Int\u00e9grit\u00e9 et confidentialit\u00e9 des donn\u00e9es collect\u00e9es et trait\u00e9es&nbsp;: le responsable du traitement des donn\u00e9es s&rsquo;engage \u00e0 garantir l&rsquo;int\u00e9grit\u00e9 et la confidentialit\u00e9 des donn\u00e9es collect\u00e9es.<\/li><\/ul>\n\n\n\n<p>Afin d&rsquo;\u00eatre licites, et ce conform\u00e9ment aux exigences de l&rsquo;article 6 du r\u00e8glement europ\u00e9en 2016\/679, la collecte et le traitement des donn\u00e9es \u00e0 caract\u00e8re personnel ne pourront intervenir que s&rsquo;ils respectent au moins l&rsquo;une des conditions ci-apr\u00e8s \u00e9num\u00e9r\u00e9es&nbsp;:<\/p>\n\n\n\n<ul class=\"wp-block-list\"><li>L&rsquo;utilisateur a express\u00e9ment consenti au traitement&nbsp;;<\/li><li>Le traitement est n\u00e9cessaire \u00e0 la bonne ex\u00e9cution d&rsquo;un contrat&nbsp;;<\/li><li>Le traitement r\u00e9pond \u00e0 une obligation l\u00e9gale&nbsp;;<\/li><li>Le traitement s&rsquo;explique par une n\u00e9cessit\u00e9 li\u00e9e \u00e0 la sauvegarde des int\u00e9r\u00eats vitaux de la personne concern\u00e9e ou d&rsquo;une autre personne physique&nbsp;;<\/li><li>Le traitement peut s&rsquo;expliquer par une n\u00e9cessit\u00e9 li\u00e9e \u00e0 l&rsquo;ex\u00e9cution d&rsquo;une mission d&rsquo;int\u00e9r\u00eat public ou qui rel\u00e8ve de l&rsquo;exercice de l&rsquo;autorit\u00e9 publique&nbsp;;<\/li><li>Le traitement et la collecte des donn\u00e9es \u00e0 caract\u00e8re personnel sont n\u00e9cessaires aux fins des int\u00e9r\u00eats l\u00e9gitimes et priv\u00e9s poursuivis par le responsable du traitement ou par un tiers.<\/li><\/ul>\n\n\n\n<p class=\"has-text-align-center\"><strong>ARTICLE 3&nbsp;: DONN\u00c9ES \u00c0 CARACT\u00c8RE PERSONNEL COLLECT\u00c9ES ET TRAIT\u00c9ES DANS LE CADRE DE LA NAVIGATION SUR LE SITE<\/strong><\/p>\n\n\n\n<p><strong>A. <\/strong>DONN\u00c9ES COLLECT\u00c9ES ET TRAIT\u00c9ES ET MODE DE COLLECTE<\/p>\n\n\n\n<p>Les donn\u00e9es \u00e0 caract\u00e8re personnel collect\u00e9es sur le site <span id=\"span_id_nom_du_site_internet\">Anakeyn<\/span> sont les suivantes&nbsp;:<\/p>\n\n\n\n<p><span id=\"span_id_liste_donnees_collectees\">Pr\u00e9nom, Nom, adresse postale, email, t\u00e9l\u00e9phone, adresse IP<\/span><\/p>\n\n\n\n<p>Ces donn\u00e9es sont collect\u00e9es lorsque l&rsquo;utilisateur effectue l&rsquo;une des op\u00e9rations suivantes sur le site&nbsp;:<\/p>\n\n\n\n<p><span id=\"span_id_operations_collectes_donnees\">Lorsque l&rsquo;utilisateur ach\u00e8te un produit sur le site<br>\nLorsque l&rsquo;utilisateur s&rsquo;abonne \u00e0 notre news letter<br>\nLorsque l&rsquo;utilisateur met un commentaire sur le site<\/span><\/p>\n\n\n\n<p>Par ailleurs, lors d&rsquo;un paiement sur le site, il sera conserv\u00e9 dans les syst\u00e8mes informatiques de l&rsquo;\u00e9diteur du site une preuve de la transaction comprenant le bon de commande et la facture.<\/p>\n\n\n\n<p>Le responsable du traitement conservera dans ses syst\u00e8mes informatiques du site et dans des conditions raisonnables de s\u00e9curit\u00e9 l&rsquo;ensemble des donn\u00e9es collect\u00e9es pour une dur\u00e9e de&nbsp;: <span id=\"span_id_duree_conservation_donnees\">1 an<\/span>.<\/p>\n\n\n\n<p>La collecte et le traitement des donn\u00e9es r\u00e9pondent aux finalit\u00e9s suivantes&nbsp;:<\/p>\n\n\n\n<p><span id=\"span_id_finalite_traitement_donnees\">Les donn\u00e9es collect\u00e9es et notamment l&rsquo;adresse IP sont n\u00e9cessaires \u00e0 la navigation dans le site ainsi qu&rsquo;\u00e0 des fins statistiques. En cas d&rsquo;abonnement \u00e0 notre newsletter, l&#8217;email est n\u00e9cessaire afin de recevoir notre lettre d&rsquo;information. En cas d&rsquo;achat dans la boutique, les donn\u00e9es personnelles sont utilis\u00e9es pour pouvoir \u00e9tablir des factures et vous livrer.<\/span><\/p>\n\n\n\n<p><strong>B.<\/strong> TRANSMISSION DES DONN\u00c9ES A DES TIERS<\/p>\n\n\n\n<p>Les donn\u00e9es peuvent \u00eatre transmises au(x) tiers ci-apr\u00e8s \u00e9num\u00e9r\u00e9(s)&nbsp;:<\/p>\n\n\n\n<p><span id=\"span_id_transmission_donnees_tiers\">Pour des raisons statistiques des donn\u00e9es sont collect\u00e9es par Google Analytics. Merci de vous r\u00e9f\u00e9rer aux r\u00e8gles de confidentialit\u00e9 de Google&nbsp;: <a href=\"https:\/\/policies.google.com\/privacy?hl=fr\" target=\"_blank\" rel=\"noreferrer noopener\">https:\/\/policies.google.com\/privacy?hl=fr<\/a><\/span><\/p>\n\n\n\n<p><strong>C.<\/strong> H\u00c9BERGEMENT DES DONN\u00c9ES<\/p>\n\n\n\n<p>Le site <span id=\"span_id_nom_du_site_internet\">Anakeyn<\/span> est h\u00e9berg\u00e9 par&nbsp;: <span id=\"span_id_denomination_sociale_de_l_hebergeur\">OVH<\/span>, dont le si\u00e8ge est situ\u00e9 \u00e0 l&rsquo;adresse ci-apr\u00e8s&nbsp;:<\/p>\n\n\n\n<p><span id=\"span_id_siege_social_de_l_hebergeur\">2, rue Kellerman 59100 Roubaix<\/span><\/p>\n\n\n\n<p>L&rsquo;h\u00e9bergeur peut \u00eatre contact\u00e9 au num\u00e9ro de t\u00e9l\u00e9phone suivant&nbsp;: <span id=\"span_id_telephone_de_l_hebergeur\">+33 1007<\/span><\/p>\n\n\n\n<p>Les donn\u00e9es collect\u00e9es et trait\u00e9es par le site sont exclusivement h\u00e9berg\u00e9es et trait\u00e9es en France.<\/p>\n\n\n\n<p class=\"has-text-align-center\"><strong>ARTICLE 4&nbsp;: RESPONSABLE DU TRAITEMENT DES DONN\u00c9ES <\/strong><span style=\"text-align: start;\"><strong>ET D\u00c9L\u00c9GU\u00c9 \u00c0 LA PROTECTION DES DONN\u00c9ES<\/strong> <\/span><\/p>\n\n\n\n<p><strong>A. <\/strong>LE RESPONSABLE DU TRAITEMENT DES DONN\u00c9ES<\/p>\n\n\n\n<p>Le responsable du traitement des donn\u00e9es \u00e0 caract\u00e8re personnel est&nbsp;: <span id=\"span_id_prenom_nom_responsable\">Pierre Rouarch<\/span>. Il peut \u00eatre contact\u00e9 de la mani\u00e8re suivante&nbsp;:<\/p>\n\n\n\n<p><span id=\"span_id_methode_contact_rtd\">par email&nbsp;: prouarch@anakeyn.com<\/span><\/p>\n\n\n\n<p>Le responsable du traitement des donn\u00e9es est charg\u00e9 de d\u00e9terminer les finalit\u00e9s et les moyens mis au service du traitement des donn\u00e9es \u00e0 caract\u00e8re personnel.<\/p>\n\n\n\n<p><strong>B. <\/strong>OBLIGATIONS DU RESPONSABLE DU TRAITEMENT DES DONN\u00c9ES<\/p>\n\n\n\n<p>Le responsable du traitement s&rsquo;engage \u00e0 prot\u00e9ger les donn\u00e9es \u00e0 caract\u00e8re personnel collect\u00e9es, \u00e0 ne pas les transmettre \u00e0 des tiers sans que l&rsquo;utilisateur n&rsquo;en ait \u00e9t\u00e9 inform\u00e9 et \u00e0 respecter les finalit\u00e9s pour lesquelles ces donn\u00e9es ont \u00e9t\u00e9 collect\u00e9es.<\/p>\n\n\n\n<p>Le site dispose d&rsquo;un certificat SSL afin de garantir que les informations et le transfert des donn\u00e9es transitant par le site sont s\u00e9curis\u00e9s.<\/p>\n\n\n\n<p>Un certificat SSL (\u00ab\u00a0Secure Socket Layer\u00a0\u00bb Certificate) a pour but de s\u00e9curiser les donn\u00e9es \u00e9chang\u00e9es entre l&rsquo;utilisateur et le site.<\/p>\n\n\n\n<p>De plus, le responsable du traitement des donn\u00e9es s&rsquo;engage \u00e0 notifier l&rsquo;utilisateur en cas de rectification ou de suppression des donn\u00e9es, \u00e0 moins que cela n&rsquo;entra\u00eene pour lui des formalit\u00e9s, co\u00fbts et d\u00e9marches disproportionn\u00e9s.<\/p>\n\n\n\n<p>Dans le cas o\u00f9 l&rsquo;int\u00e9grit\u00e9, la confidentialit\u00e9 ou la s\u00e9curit\u00e9 des donn\u00e9es \u00e0 caract\u00e8re personnel de l&rsquo;utilisateur est compromise, le responsable du traitement s&rsquo;engage \u00e0 informer l&rsquo;utilisateur par tout moyen.<\/p>\n\n\n\n<p><strong>C.<\/strong> LE D\u00c9L\u00c9GU\u00c9 \u00c0 LA PROTECTION DES DONN\u00c9ES<\/p>\n\n\n\n<p>Par ailleurs, l&rsquo;utilisateur est inform\u00e9 que la personne suivante a \u00e9t\u00e9 nomm\u00e9e D\u00e9l\u00e9gu\u00e9 \u00e0 la Protection des Donn\u00e9es&nbsp;: <span id=\"span_id_nom_delegue_protection_donnees\">M. Pierre Rouarch<\/span>.<\/p>\n\n\n\n<p>Le r\u00f4le du D\u00e9l\u00e9gu\u00e9 \u00e0 la Protection des Donn\u00e9es et de s&rsquo;assurer la bonne mise en oeuvre des dispositions nationales et supranationales relatives \u00e0 la collecte et au traitement des donn\u00e9es \u00e0 caract\u00e8re personnel. Il peut \u00e9galement \u00eatre nomm\u00e9 DPO (pour Data Protection Officer).<\/p>\n\n\n\n<p>Le d\u00e9l\u00e9gu\u00e9 \u00e0 la protection des donn\u00e9es peut \u00eatre joint de la mani\u00e8re suivante&nbsp;:<\/p>\n\n\n\n<p><span id=\"span_id_coordonnees_dpo\">par email&nbsp;: prouarch@anakeyn.com<\/span><\/p>\n\n\n\n<p class=\"has-text-align-center\"><strong>ARTICLE 5&nbsp;: DROITS DE L&rsquo;UTILISATEUR <\/strong><\/p>\n\n\n\n<p>Conform\u00e9ment \u00e0 la r\u00e9glementation concernant le traitement des donn\u00e9es \u00e0 caract\u00e8re personnel, l&rsquo;utilisateur poss\u00e8de les droits ci-apr\u00e8s \u00e9num\u00e9r\u00e9s.<\/p>\n\n\n\n<p>Afin que le responsable du traitement des donn\u00e9es fasse droit \u00e0 sa demande, l&rsquo;utilisateur est tenu de lui communiquer&nbsp;: ses pr\u00e9nom et nom ainsi que son adresse e-mail, et si cela est pertinent, son num\u00e9ro de compte ou d&rsquo;espace personnel ou d&rsquo;abonn\u00e9.<\/p>\n\n\n\n<p>Le responsable du traitement des donn\u00e9es est tenu de r\u00e9pondre \u00e0 l&rsquo;utilisateur dans un d\u00e9lai de 30 (trente) jours maximum.<\/p>\n\n\n\n<p><strong>A.<\/strong> PR\u00c9SENTATION DES DROITS DE L&rsquo;UTILISATEUR EN MATI\u00c8RE DE COLLECTE ET TRAITEMENT DE DONN\u00c9ES<\/p>\n\n\n\n<p><em><br>\na. Droit d&rsquo;acc\u00e8s, de rectification et droit \u00e0 l&rsquo;effacement<\/em><\/p>\n\n\n\n<p>L&rsquo;utilisateur peut prendre connaissance, mettre \u00e0 jour, modifier ou demander la suppression des donn\u00e9es le concernant, en respectant la proc\u00e9dure ci-apr\u00e8s \u00e9nonc\u00e9e&nbsp;:<\/p>\n\n\n\n<p><span id=\"span_id_procedure_acces_donnees\">Consultez votre compte et\/ou Contactez-nous par email&nbsp;: prouarch@anakeyn.com<\/span><\/p>\n\n\n\n<p>S&rsquo;il en poss\u00e8de un, l&rsquo;utilisateur a le droit de demander la suppression de son espace personnel en suivant la proc\u00e9dure suivante&nbsp;:<\/p>\n\n\n\n<p><span id=\"span_id_procedure_suppression_compte\">Consultez votre compte et\/ou Contactez-nous par email&nbsp;: prouarch@anakeyn.com<\/span><\/p>\n\n\n\n<p><em>b. Droit \u00e0 la portabilit\u00e9 des donn\u00e9es<\/em><\/p>\n\n\n\n<p>L&rsquo;utilisateur a le droit de demander la portabilit\u00e9 de ses donn\u00e9es personnelles, d\u00e9tenues par le site, vers un autre site, en se conformant \u00e0 la proc\u00e9dure ci-apr\u00e8s&nbsp;:<\/p>\n\n\n\n<p><span id=\"span_id_procedure_portabilite_donnees_personnelles\">Consultez votre compte et\/ou Contactez-nous par email&nbsp;: prouarch@anakeyn.com<\/span><\/p>\n\n\n\n<p><em>c. Droit \u00e0 la limitation et \u00e0 l&rsquo;opposition du traitement des donn\u00e9es<\/em><\/p>\n\n\n\n<p>L&rsquo;utilisateur a le droit de demander la limitation ou de s&rsquo;opposer au traitement de ses donn\u00e9es par le site, sans que le site ne puisse refuser, sauf \u00e0 d\u00e9montrer l&rsquo;existence de motifs l\u00e9gitimes et imp\u00e9rieux, pouvant pr\u00e9valoir sur les int\u00e9r\u00eats et les droits et libert\u00e9s de l&rsquo;utilisateur.<\/p>\n\n\n\n<p>Afin de demander la limitation du traitement de ses donn\u00e9es ou de formuler une opposition au traitement de ses donn\u00e9es, l&rsquo;utilisateur doit suivre la proc\u00e9dure suivante&nbsp;:<\/p>\n\n\n\n<p><span id=\"span_id_procedure_limitation_traitement\">Consultez votre compte et\/ou Contactez-nous par email&nbsp;: prouarch@anakeyn.com<\/span><\/p>\n\n\n\n<p><em>d. Droit de ne pas faire l&rsquo;objet d&rsquo;une d\u00e9cision fond\u00e9e exclusivement sur un proc\u00e9d\u00e9 automatis\u00e9<\/em><\/p>\n\n\n\n<p>Conform\u00e9ment aux dispositions du r\u00e8glement 2016\/679, l&rsquo;utilisateur a le droit de ne pas faire l&rsquo;objet d&rsquo;une d\u00e9cision fond\u00e9e exclusivement sur un proc\u00e9d\u00e9 automatis\u00e9 si la d\u00e9cision produit des effets juridiques le concernant, ou l&rsquo;affecte de mani\u00e8re significative de fa\u00e7on similaire.<\/p>\n\n\n\n<p><em>e. Droit de d\u00e9terminer le sort des donn\u00e9es apr\u00e8s la mort<\/em><\/p>\n\n\n\n<p>Il est rappel\u00e9 \u00e0 l&rsquo;utilisateur qu&rsquo;il peut organiser quel doit \u00eatre le devenir de ses donn\u00e9es collect\u00e9es et trait\u00e9es s&rsquo;il d\u00e9c\u00e8de, conform\u00e9ment \u00e0 la loi n\u00b02016-1321 du 7 octobre 2016.<\/p>\n\n\n\n<p><em>f. Droit de saisir l&rsquo;autorit\u00e9 de contr\u00f4le comp\u00e9tente<\/em><\/p>\n\n\n\n<p>Dans le cas o\u00f9 le responsable du traitement des donn\u00e9es d\u00e9cide de ne pas r\u00e9pondre \u00e0 la demande de l&rsquo;utilisateur, et que l&rsquo;utilisateur souhaite contester cette d\u00e9cision, ou, s&rsquo;il pense qu&rsquo;il est port\u00e9 atteinte \u00e0 l&rsquo;un des droits \u00e9num\u00e9r\u00e9s ci-dessus, il est en droit de saisir la CNIL (Commission Nationale de l&rsquo;Informatique et des Libert\u00e9s, https:\/\/www.cnil.fr) ou tout juge comp\u00e9tent.<\/p>\n\n\n\n<p><span style=\"font-weight: bold; font-size: 14.56px;\">B.<\/span> DONN\u00c9ES PERSONNELLES DES PERSONNES MINEURES<\/p>\n\n\n\n<p>Conform\u00e9ment aux dispositions de l&rsquo;article 8 du r\u00e8glement europ\u00e9en 2016\/679 et \u00e0 la loi Informatique et Libert\u00e9s, seuls les mineurs \u00e2g\u00e9s de 15 ans ou plus peuvent consentir au traitement de leurs donn\u00e9es personnelles.<\/p>\n\n\n\n<p>Si l&rsquo;utilisateur est un mineur de moins de 15 ans, l&rsquo;accord d&rsquo;un repr\u00e9sentant l\u00e9gal sera requis afin que des donn\u00e9es \u00e0 caract\u00e8re personnel puissent \u00eatre collect\u00e9es et trait\u00e9es.<\/p>\n\n\n\n<p>L&rsquo;\u00e9diteur du site se r\u00e9serve le droit de v\u00e9rifier par tout moyen que l&rsquo;utilisateur est \u00e2g\u00e9 de plus de 15 ans, ou qu&rsquo;il aura obtenu l&rsquo;accord d&rsquo;un repr\u00e9sentant l\u00e9gal avant de naviguer sur le site.<\/p>\n\n\n\n<p class=\"has-text-align-center\"><strong>ARTICLE 6&nbsp;: UTILISATION DES FICHIERS \u00ab\u00a0COOKIES\u00a0\u00bb<\/strong><\/p>\n\n\n\n<p>Le site a \u00e9ventuellement recours aux techniques de \u00ab\u00a0cookies\u00a0\u00bb.<\/p>\n\n\n\n<p>Un \u00ab\u00a0cookie\u00a0\u00bb est un fichier de petite taille (moins de 4 ko), stock\u00e9 par le site sur le disque dur de l&rsquo;utilisateur, contenant des informations relatives aux habitudes de navigation de l&rsquo;utilisateur.<\/p>\n\n\n\n<p>Ces fichiers lui permettent de traiter des statistiques et des informations sur le trafic, de faciliter la navigation et d&rsquo;am\u00e9liorer le service pour le confort de l&rsquo;utilisateur.<\/p>\n\n\n\n<p>Pour l&rsquo;utilisation de fichiers \u00ab\u00a0cookies\u00a0\u00bb impliquant la sauvegarde et l&rsquo;analyse de donn\u00e9es \u00e0 caract\u00e8re personnel, le consentement de l&rsquo;utilisateur est n\u00e9cessairement demand\u00e9.<\/p>\n\n\n\n<p>Ce consentement de l&rsquo;utilisateur est consid\u00e9r\u00e9 comme valide pour une dur\u00e9e de 13 (treize) mois maximum. A l&rsquo;issue de cette p\u00e9riode, le site demandera \u00e0 nouveau l&rsquo;autorisation de l&rsquo;utilisateur pour enregistrer des fichiers \u00ab\u00a0cookies\u00a0\u00bb sur son disque dur.<\/p>\n\n\n\n<p><em>a. Opposition de l&rsquo;utilisateur \u00e0 l&rsquo;utilisation de fichiers \u00ab\u00a0cookies\u00a0\u00bb par le site<\/em><\/p>\n\n\n\n<p>Il est port\u00e9 \u00e0 la connaissance de l&rsquo;utilisateur qu&rsquo;il peut s&rsquo;opposer \u00e0 l&rsquo;enregistrement de ces fichiers \u00ab\u00a0cookies\u00a0\u00bb en configurant son logiciel de navigation.<\/p>\n\n\n\n<p>Pour information, l&rsquo;utilisateur peut trouver aux adresses suivantes les d\u00e9marches \u00e0 suivre afin de configurer son logiciel de navigation pour s&rsquo;opposer \u00e0 l&rsquo;enregistrement des fichiers \u00ab\u00a0cookies\u00a0\u00bb&nbsp;:<\/p>\n\n\n\n<ul class=\"wp-block-list\"><li><strong>Chrome<\/strong>&nbsp;: <a href=\"https:\/\/support.google.com\/accounts\/answer\/61416?hl=fr\" target=\"_blank\" rel=\"noreferrer noopener\">https:\/\/support.google.com\/accounts\/answer\/61416?hl=fr<\/a><\/li><li><strong>Firefox<\/strong>&nbsp;: <a href=\"https:\/\/support.mozilla.org\/fr\/kb\/enable-and-disable-cookies-website-preferences\" target=\"_blank\" rel=\"noreferrer noopener\">https:\/\/support.mozilla.org\/fr\/kb\/enable-and-disable-cookies-website-preferences<\/a><\/li><li><strong>Safari<\/strong>&nbsp;: <a href=\"http:\/\/www.apple.com\/legal\/privacy\/fr-ww\/\" target=\"_blank\" rel=\"noreferrer noopener\">http:\/\/www.apple.com\/legal\/privacy\/fr-ww\/<\/a><\/li><li><strong>Internet Explorer<\/strong>&nbsp;: <a href=\"https:\/\/support.microsoft.com\/fr-fr\/help\/17442\/windows-internet-explorer-delete-manage-cookies\" target=\"_blank\" rel=\"noreferrer noopener\">https:\/\/support.microsoft.com\/fr-fr\/help\/17442\/windows-internet-explorer-delete-manage-cookies<\/a><\/li><li><strong>Opera<\/strong>&nbsp;: <a href=\"http:\/\/www.opera.com\/help\/tutorials\/security\/cookies\/\" target=\"_blank\" rel=\"noreferrer noopener\">http:\/\/www.opera.com\/help\/tutorials\/security\/cookies\/<\/a><\/li><\/ul>\n\n\n\n<p>Dans le cas o\u00f9 l&rsquo;utilisateur d\u00e9cide de d\u00e9sactiver les fichiers \u00ab\u00a0cookies\u00a0\u00bb, il pourra poursuivre sa navigation sur le site. Toutefois, tout dysfonctionnement du site provoqu\u00e9 par cette manipulation ne pourrait \u00eatre consid\u00e9r\u00e9 comme \u00e9tant du fait de l&rsquo;\u00e9diteur du site.<\/p>\n\n\n\n<p><em>b. Description des fichiers \u00ab\u00a0cookies\u00a0\u00bb utilis\u00e9s par le site<\/em><\/p>\n\n\n\n<p>L&rsquo;\u00e9diteur du site attire l&rsquo;attention de l&rsquo;utilisateur sur le fait que les cookies suivants sont utilis\u00e9s lors de sa navigation&nbsp;:<\/p>\n\n\n\n<p><span id=\"span_id_liste_cookies\">tk_ai, tk_lr, tk_or, tk_qs, tk_r3d&nbsp;: cookies n\u00e9cessaires au fonctionnement de <strong>WordPress<\/strong> et \u00e0 faciliter a navigation sur le site<\/span>.<\/p>\n\n\n\n<p>En naviguant sur le site, il est port\u00e9 \u00e0 connaissance de l&rsquo;utilisateur que des fichiers \u00ab\u00a0cookies\u00a0\u00bb de tiers peuvent \u00eatre enregistr\u00e9s.<\/p>\n\n\n\n<p>Il s&rsquo;agit plus particuli\u00e8rement des tiers suivants&nbsp;:<\/p>\n\n\n\n<p><span id=\"span_id_tiers_cookies\">_ga, _gat, _gid&nbsp;: Cookies g\u00e9r\u00e9s par <strong>Google Analytics<\/strong> \u00e0 des fins statistiques<\/span><\/p>\n\n\n\n<p>De plus, le site int\u00e8gre des boutons de r\u00e9seaux sociaux, permettant \u00e0 l&rsquo;utilisateur de partager son activit\u00e9 sur le site. Des fichiers \u00ab\u00a0cookies\u00a0\u00bb de ces r\u00e9seaux sociaux sont par cons\u00e9quent susceptibles d&rsquo;\u00eatre stock\u00e9s sur l&rsquo;ordinateur de l&rsquo;utilisateur lorsqu&rsquo;il utilise ces fonctionnalit\u00e9s.<\/p>\n\n\n\n<p>L&rsquo;attention de l&rsquo;utilisateur est port\u00e9e sur le fait que ces sites disposent de politiques de confidentialit\u00e9 propres et de conditions g\u00e9n\u00e9rales d&rsquo;utilisation possiblement diff\u00e9rentes du site. L&rsquo;\u00e9diteur du site invite les utilisateurs \u00e0 consulter les politiques de confidentialit\u00e9 et les conditions g\u00e9n\u00e9rales d&rsquo;utilisation de ces sites.<\/p>\n\n\n\n<p class=\"has-text-align-center\"><strong>ARTICLE 7&nbsp;: CONDITIONS DE MODIFICATION DE LA POLITIQUE DE CONFIDENTIALIT\u00c9<\/strong><\/p>\n\n\n\n<p>La pr\u00e9sente politique de confidentialit\u00e9 peut \u00eatre consult\u00e9e \u00e0 tout moment \u00e0 l&rsquo;adresse ci-apr\u00e8s indiqu\u00e9e&nbsp;:<\/p>\n\n\n\n<p><a href=\"https:\/\/www.anakeyn.com\/politique-de-confidentialite\">https:\/\/www.anakeyn.com\/politique-de-confidentialite<\/a><\/p>\n\n\n\n<p>L&rsquo;\u00e9diteur du site se r\u00e9serve le droit de la modifier afin de garantir sa conformit\u00e9 avec le droit en vigueur.<\/p>\n\n\n\n<p>Par cons\u00e9quent, l&rsquo;utilisateur est invit\u00e9 \u00e0 venir consulter r\u00e9guli\u00e8rement cette politique de confidentialit\u00e9 afin de se tenir inform\u00e9 des derniers changements qui lui seront apport\u00e9s.<\/p>\n\n\n\n<p>Il est port\u00e9 \u00e0 la connaissance de l&rsquo;utilisateur que la derni\u00e8re mise \u00e0 jour de la pr\u00e9sente politique de confidentialit\u00e9 est intervenue le&nbsp;: <span id=\"span_id_date_derniere_maj\" class=\"encours\">20\/04\/2020<\/span>.<\/p>\n\n\n\n<p class=\"has-text-align-center\"><strong><br> ARTICLE 8&nbsp;: ACCEPTATION PAR L&rsquo;UTILISATEUR DE LA POLITIQUE DE CONFIDENTIALIT\u00c9 :<\/strong><\/p>\n\n\n\n<p>En naviguant sur le site, l&rsquo;utilisateur atteste avoir lu et compris la pr\u00e9sente politique de confidentialit\u00e9 et en accepte les conditions, en ce qui concerne plus particuli\u00e8rement la collecte et le traitement de ses donn\u00e9es \u00e0 caract\u00e8re personnel, ainsi que l&rsquo;utilisation de \u00ab\u00a0cookies\u00a0\u00bb.<\/p>\n\n\n\n<h2 class=\"wp-block-heading\">Pour plus d&rsquo;information :<\/h2>\n\n\n\n<p>Pour plus de d\u00e9tails veuillez consulter les pages suivantes :<\/p>\n\n\n\n<ul class=\"wp-block-list\"><li><a href=\"https:\/\/www.anakeyn.com\/mentions-legales\/\" target=\"_blank\" rel=\"noreferrer noopener\">Mentions L\u00e9gales<\/a><\/li><li><a rel=\"noreferrer noopener\" href=\"https:\/\/www.anakeyn.com\/politique-de-confidentialite\/\" target=\"_blank\">Politique de Confidentialit\u00e9<\/a><\/li><li><a rel=\"noreferrer noopener\" href=\"https:\/\/www.anakeyn.com\/conditions-generales-dutilisation\/\" target=\"_blank\">Conditions G\u00e9n\u00e9rales d&rsquo;Utilisation<\/a><\/li><li><a rel=\"noreferrer noopener\" href=\"https:\/\/www.anakeyn.com\/conditions-generales-de-vente\/\" target=\"_blank\">Conditions G\u00e9n\u00e9rales de Vente en ligne<\/a><\/li><\/ul>\n\n\n\n<p><\/p>\n","protected":false},"excerpt":{"rendered":"<p>ARTICLE 1&nbsp;: PR\u00c9AMBULE Cette politique de confidentialit\u00e9 s&rsquo;applique au site&nbsp;: https:\/\/www.anakeyn.com et \u00e0 la boutique en ligne https:\/\/www.anakeyn.com\/boutique La pr\u00e9sente politique de confidentialit\u00e9 a pour but d&rsquo;exposer aux utilisateurs du site&nbsp;: La mani\u00e8re dont sont collect\u00e9es et trait\u00e9es leurs donn\u00e9es \u00e0 caract\u00e8re personnel. Doivent \u00eatre consid\u00e9r\u00e9es comme donn\u00e9es personnelles toutes les donn\u00e9es \u00e9tant susceptibles d&rsquo;identifier [&hellip;]<\/p>\n","protected":false},"author":1,"featured_media":0,"parent":0,"menu_order":0,"comment_status":"closed","ping_status":"open","template":"","meta":{"footnotes":""},"class_list":["post-3","page","type-page","status-publish","hentry"],"jetpack_sharing_enabled":true,"_links":{"self":[{"href":"https:\/\/www.anakeyn.com\/boutique\/wp-json\/wp\/v2\/pages\/3","targetHints":{"allow":["GET"]}}],"collection":[{"href":"https:\/\/www.anakeyn.com\/boutique\/wp-json\/wp\/v2\/pages"}],"about":[{"href":"https:\/\/www.anakeyn.com\/boutique\/wp-json\/wp\/v2\/types\/page"}],"author":[{"embeddable":true,"href":"https:\/\/www.anakeyn.com\/boutique\/wp-json\/wp\/v2\/users\/1"}],"replies":[{"embeddable":true,"href":"https:\/\/www.anakeyn.com\/boutique\/wp-json\/wp\/v2\/comments?post=3"}],"version-history":[{"count":2,"href":"https:\/\/www.anakeyn.com\/boutique\/wp-json\/wp\/v2\/pages\/3\/revisions"}],"predecessor-version":[{"id":90,"href":"https:\/\/www.anakeyn.com\/boutique\/wp-json\/wp\/v2\/pages\/3\/revisions\/90"}],"wp:attachment":[{"href":"https:\/\/www.anakeyn.com\/boutique\/wp-json\/wp\/v2\/media?parent=3"}],"curies":[{"name":"wp","href":"https:\/\/api.w.org\/{rel}","templated":true}]}}