{"id":113,"date":"2020-04-24T14:53:25","date_gmt":"2020-04-24T12:53:25","guid":{"rendered":"https:\/\/www.anakeyn.com\/boutique\/?post_type=product&#038;p=113"},"modified":"2020-04-24T14:53:26","modified_gmt":"2020-04-24T12:53:26","slug":"script-r-facteurs-seo-et-ml-1","status":"publish","type":"product","link":"https:\/\/www.anakeyn.com\/boutique\/produit\/script-r-facteurs-seo-et-ml-1\/","title":{"rendered":"Script R : facteurs SEO et ML 1"},"content":{"rendered":"<p>Dans ce premier script R sur le SEO et le Machine Learning nous travaillons sur des donn\u00e9es\u00a0 positionnements pages \/mots-cl\u00e9s issues de Yooda.<\/p>\n<p>Nous testons ici plusieurs mod\u00e8les de Machine Learning : R\u00e9gression Logistique, Na\u00efve Bayes, Random Forest et XGBoost<\/p>\n<p>Plus de d\u00e9tails sur notre blog \u00e0 l&rsquo;adresse : <a href=\"https:\/\/www.anakeyn.com\/2018\/04\/07\/facteurs-seo-machine-learning-1\/\" target=\"_blank\" rel=\"noopener noreferrer\">https:\/\/www.anakeyn.com\/2018\/04\/07\/facteurs-seo-machine-learning-1\/<\/a><\/p>\n<p>&nbsp;<\/p>\n","protected":false},"excerpt":{"rendered":"<p>Dans ce premier script R sur le SEO et le Machine Learning nous travaillons sur des donn\u00e9es\u00a0 positionnements pages \/mots-cl\u00e9s issues de Yooda.<\/p>\n","protected":false},"featured_media":114,"comment_status":"open","ping_status":"closed","template":"","meta":[],"product_brand":[],"product_cat":[20],"product_tag":[37,36,21],"class_list":{"0":"post-113","1":"product","2":"type-product","3":"status-publish","4":"has-post-thumbnail","6":"product_cat-scripts-gratuits-r","7":"product_tag-machine-learning","8":"product_tag-seo","9":"product_tag-yooda","11":"first","12":"instock","13":"downloadable","14":"virtual","15":"taxable","16":"purchasable","17":"product-type-simple"},"jetpack_sharing_enabled":true,"_links":{"self":[{"href":"https:\/\/www.anakeyn.com\/boutique\/wp-json\/wp\/v2\/product\/113","targetHints":{"allow":["GET"]}}],"collection":[{"href":"https:\/\/www.anakeyn.com\/boutique\/wp-json\/wp\/v2\/product"}],"about":[{"href":"https:\/\/www.anakeyn.com\/boutique\/wp-json\/wp\/v2\/types\/product"}],"replies":[{"embeddable":true,"href":"https:\/\/www.anakeyn.com\/boutique\/wp-json\/wp\/v2\/comments?post=113"}],"wp:featuredmedia":[{"embeddable":true,"href":"https:\/\/www.anakeyn.com\/boutique\/wp-json\/wp\/v2\/media\/114"}],"wp:attachment":[{"href":"https:\/\/www.anakeyn.com\/boutique\/wp-json\/wp\/v2\/media?parent=113"}],"wp:term":[{"taxonomy":"product_brand","embeddable":true,"href":"https:\/\/www.anakeyn.com\/boutique\/wp-json\/wp\/v2\/product_brand?post=113"},{"taxonomy":"product_cat","embeddable":true,"href":"https:\/\/www.anakeyn.com\/boutique\/wp-json\/wp\/v2\/product_cat?post=113"},{"taxonomy":"product_tag","embeddable":true,"href":"https:\/\/www.anakeyn.com\/boutique\/wp-json\/wp\/v2\/product_tag?post=113"}],"curies":[{"name":"wp","href":"https:\/\/api.w.org\/{rel}","templated":true}]}}